2, 811259
What are the prime factors of 1111499?
1111499
List the prime factors of 5403349.
7, 41, 67, 281
What are the prime factors of 197647?
197647
What are the prime factors of 6382202?
2, 83, 38447
What are the prime factors of 18334?
2, 89, 103
List the prime factors of 374912.
2, 29, 101
What are the prime factors of 86341?
86341
What are the prime factors of 8916661?
13, 631, 1087
List the prime factors of 1200916.
2, 300229
What are the prime factors of 8892210?
2, 3, 5, 37, 8011
List the prime factors of 11758221.
3, 23, 43, 1321
List the prime factors of 2717945.
5, 233, 2333
What are the prime factors of 2091825?
3, 5, 1033
List the prime factors of 280570.
2, 5, 28057
What are the prime factors of 384703?
11, 41, 853
List the prime factors of 127878.
2, 3, 21313
What are the prime factors of 1923160?
2, 5, 48079
What are the prime factors of 8494093?
31, 41, 163
List the prime factors of 214276.
2, 53569
List the prime factors of 6129501.
3, 7, 71, 4111
What are the prime factors of 892206?
2, 3, 7, 73, 97
What are the prime factors of 5240799?
3, 53, 10987
List the prime factors of 4790879.
61, 78539
What are the prime factors of 4505420?
2, 5, 47, 4793
List the prime factors of 211202.
2, 105601
List the prime factors of 386732.
2, 109, 887
List the prime factors of 1058900.
2, 5, 10589
What are the prime factors of 974176?
2, 7, 4349
List the prime factors of 679354.
2, 13, 17, 29, 53
What are the prime factors of 350371?
7, 50053
What are the prime factors of 1103910?
2, 3, 5, 31, 1187
List the prime factors of 141008.
2, 7, 1259
List the prime factors of 7902286.
2, 7, 564449
List the prime factors of 290264.
2, 13, 2791
What are the prime factors of 210229?
210229
List the prime factors of 2349862.
2, 31, 151, 251
What are the prime factors of 300617?
521, 577
List the prime factors of 6207415.
5, 1241483
What are the prime factors of 191540?
2, 5, 61, 157
List the prime factors of 793763.
19, 41777
List the prime factors of 422.
2, 211
What are the prime factors of 162663?
3, 59, 919
What are the prime factors of 186515?
5, 7, 73
List the prime factors of 1510645.
5, 41, 7369
What are the prime factors of 14244030?
2, 3, 5, 101, 1567
What are the prime factors of 15526516?
2, 73, 53173
List the prime factors of 16402227.
3, 1811, 3019
List the prime factors of 17760578.
2, 11, 807299
What are the prime factors of 85910?
2, 5, 11, 71
List the prime factors of 254783.
254783
List the prime factors of 315746.
2, 47, 3359
What are the prime factors of 420669?
3, 43, 1087
List the prime factors of 28184407.
23, 1225409
List the prime factors of 27189812.
2, 13, 522881
List the prime factors of 19440964.
2, 4860241
What are the prime factors of 2027595?
3, 5, 135173
List the prime factors of 201109.
83, 2423
List the prime factors of 122131.
122131
What are the prime factors of 492326?
2, 199, 1237
List the prime factors of 453383.
7, 239, 271
List the prime factors of 30715457.
19, 1616603
List the prime factors of 3440749.
13, 17, 15569
What are the prime factors of 21204413?
23, 921931
What are the prime factors of 755776?
2, 7, 241
List the prime factors of 14153568.
2, 3, 11, 13, 1031
List the prime factors of 782556.
2, 3, 65213
List the prime factors of 2813723.
11, 229, 1117
What are the prime factors of 1509641?
7, 30809
What are the prime factors of 2366307?
3, 87641
What are the prime factors of 6255858?
2, 3, 7, 148949
List the prime factors of 5016242.
2, 7, 11, 32573
What are the prime factors of 237559?
7, 33937
What are the prime factors of 1452688?
2, 90793
List the prime factors of 58888.
2, 17, 433
List the prime factors of 1067269.
7, 23, 947
What are the prime factors of 94226?
2, 11, 4283
What are the prime factors of 312078?
2, 3, 13, 4001
List the prime factors of 892796.
2, 61, 3659
List the prime factors of 1598335.
5, 29, 73, 151
What are the prime factors of 2837568?
2, 3, 14779
What are the prime factors of 427258?
2, 13, 16433
What are the prime factors of 1411132?
2, 131, 2693
List the prime factors of 73410.
2, 3, 5, 2447
What are the prime factors of 9131189?
9131189
What are the prime factors of 161329?
7, 19, 1213
What are the prime factors of 40559571?
3, 13, 61, 5683
List the prime factors of 1753651.
1753651
List the prime factors of 333773.
11, 19, 1597
List the prime factors of 192555.
3, 5, 11, 389
List the prime factors of 3820260.
2, 3, 5, 63671
What are the prime factors of 18673226?
2, 11, 13, 109, 599
List the prime factors of 356740.
2, 5, 17837
What are the prime factors of 2301827?
11, 209257
What are the prime factors of 77485?
5, 15497
List the prime factors of 6810690.
2, 3, 5, 131, 1733
List the prime factors of 765008.
2, 137, 349
What are the prime factors of 1160019?
3, 7, 18413
List the prime factors of 312699.
3, 104233
List the prime factors of 2960414.
2, 17, 87071
List the prime factors of 11048859.
3, 409217
List the prime factors of 164435.
5, 32887
List the prime factors of 24378809.
7, 13, 267899
What are the prime factors of 2667911?
41, 65071
What are the prime factors of 503718?
2, 3, 37, 2269
List the prime factors of 3516267.
3, 193, 6073
List the prime factors of 3729136.
2, 233071
What are the prime factors of 8082617?
41, 197137
What are the prime factors of 2916318?
2, 3, 486053
List the prime factors of 304902.
2, 3, 13, 1303
What are the prime factors of 233018?
2, 263, 443
What are the prime factors of 13177077?
3, 31, 141689
What are the prime factors of 11907462?
2, 3, 7, 283511
List the prime factors of 62884.
2, 79, 199
List the prime factors of 18060571.
18060571
List the prime factors of 659196.
2, 3, 18311
What are the prime factors of 2582042?
2, 1291021
List the prime factors of 272190.
2, 3, 5, 43, 211
List the prime factors of 188523.
3, 20947
List the prime factors of 137148.
2, 3, 11, 1039
List the prime factors of 16473.
3, 17, 19
What are the prime factors of 434844?
2, 3, 47, 257
What are the prime factors of 159600?
2, 3, 5, 7, 19
What are the prime factors of 220579?
220579
List the prime factors of 602123.
17, 35419
List the prime factors of 4110538.
2, 31, 167, 397
List the prime factors of 387378.
2, 3, 21521
List the prime factors of 66857.
7, 9551
List the prime factors of 9454902.
2, 3, 1575817
What are the prime factors of 18897982?
2, 17, 555823
List the prime factors of 417232.
2, 89, 293
What are the prime factors of 3841594?
2, 1920797
List the prime factors of 764558.
2, 17, 113, 199
What are the prime factors of 1325382?
2, 3, 220897
List the prime factors of 23935435.
5, 157, 30491
List the prime factors of 2245552.
2, 293, 479
List the prime factors of 2467582.
2, 13, 94907
What are the prime factors of 1595584?
2, 107, 233
List the prime factors of 21689987.
11, 31, 63607
List the prime factors of 5386715.
5, 23, 31, 1511
What are the prime factors of 13911353?
13911353
What are the prime factors of 410545?
5, 47, 1747
List the prime factors of 8429467.
17, 495851
List the prime factors of 611199.
3, 22637
What are the prime factors of 4689376?
2, 146543
What are the prime factors of 3204733?
7, 223, 2053
What are the prime factors of 7405018?
2, 3702509
List the prime factors of 709433.
709433
What are the prime factors of 246830?
2, 5, 24683
List the prime factors of 180932.
2, 45233
What are the prime factors of 1355985?
3, 5, 30133
What are the prime factors of 140168?
2, 7, 2503
List the prime factors of 608159.
29, 67, 313
What are the prime factors of 4790022?
2, 3, 17, 151, 311
What are the prime factors of 18131604?
2, 3, 1510967
List the prime factors of 4038713.
7, 271, 2129
List the prime factors of 337553.
41, 8233
What are the prime factors of 2607063?
3, 869021
What are the prime factors of 244615?
5, 7, 29, 241
List the prime factors of 11306981.
7, 199, 8117
What are the prime factors of 229486?
2, 114743
What are the prime factors of 373187?
373187
List the prime factors of 27878465.
5, 5575693
List the prime factors of 787681.
23, 1489
What are the prime factors of 2290856?
2, 233, 1229
List the prime factors of 9249418.
2, 137, 33757
List the prime factors of 87342.
2, 3, 14557
List the prime factors of 228725.
5, 7, 1307
List the prime factors of 3951.
3, 439
What are the prime factors of 18007